{"id":31,"date":"2013-05-28T17:49:36","date_gmt":"2013-05-28T17:49:36","guid":{"rendered":"http:\/\/www.cortealaserbh.com.br\/site\/?page_id=31"},"modified":"2013-05-28T20:51:52","modified_gmt":"2013-05-28T20:51:52","slug":"portfolio","status":"publish","type":"page","link":"http:\/\/www.cortealaserbh.com.br\/index.php\/portfolio\/","title":{"rendered":"Portif\u00f3lio"},"content":{"rendered":"<p>O portif\u00f3lio da nossa empresa \u00e9 diversificado com pe\u00e7as em acr\u00edlico, cal\u00e7ados, madeira, papel e tecido.<\/p>\n\n\t\t<style type=\"text\/css\">\n\t\t\t#gallery-1 {\n\t\t\t\tmargin: auto;\n\t\t\t}\n\t\t\t#gallery-1 .gallery-item {\n\t\t\t\tfloat: left;\n\t\t\t\tmargin-top: 10px;\n\t\t\t\ttext-align: center;\n\t\t\t\twidth: 25%;\n\t\t\t}\n\t\t\t#gallery-1 img {\n\t\t\t\tborder: 2px solid #cfcfcf;\n\t\t\t}\n\t\t\t#gallery-1 .gallery-caption {\n\t\t\t\tmargin-left: 0;\n\t\t\t}\n\t\t\t\/* see gallery_shortcode() in wp-includes\/media.php *\/\n\t\t<\/style>\n\t\t<div id='gallery-1' class='gallery galleryid-31 gallery-columns-4 gallery-size-thumbnail'><dl class='gallery-item'>\n\t\t\t<dt class='gallery-icon portrait'>\n\t\t\t\t<a href='http:\/\/www.cortealaserbh.com.br\/site\/wp-content\/uploads\/2013\/05\/ACRiLICO.jpg'><img loading=\"lazy\" decoding=\"async\" width=\"150\" height=\"150\" src=\"http:\/\/www.cortealaserbh.com.br\/site\/wp-content\/uploads\/2013\/05\/ACRiLICO-150x150.jpg\" class=\"attachment-thumbnail size-thumbnail\" alt=\"\" \/><\/a>\n\t\t\t<\/dt><\/dl><dl class='gallery-item'>\n\t\t\t<dt class='gallery-icon landscape'>\n\t\t\t\t<a href='http:\/\/www.cortealaserbh.com.br\/site\/wp-content\/uploads\/2013\/05\/CALCADO-3.jpg'><img loading=\"lazy\" decoding=\"async\" width=\"150\" height=\"150\" src=\"http:\/\/www.cortealaserbh.com.br\/site\/wp-content\/uploads\/2013\/05\/CALCADO-3-150x150.jpg\" class=\"attachment-thumbnail size-thumbnail\" alt=\"\" \/><\/a>\n\t\t\t<\/dt><\/dl><dl class='gallery-item'>\n\t\t\t<dt class='gallery-icon landscape'>\n\t\t\t\t<a href='http:\/\/www.cortealaserbh.com.br\/site\/wp-content\/uploads\/2013\/05\/MADEIRA-1.jpg'><img loading=\"lazy\" decoding=\"async\" width=\"150\" height=\"150\" src=\"http:\/\/www.cortealaserbh.com.br\/site\/wp-content\/uploads\/2013\/05\/MADEIRA-1-150x150.jpg\" class=\"attachment-thumbnail size-thumbnail\" alt=\"\" \/><\/a>\n\t\t\t<\/dt><\/dl><dl class='gallery-item'>\n\t\t\t<dt class='gallery-icon landscape'>\n\t\t\t\t<a href='http:\/\/www.cortealaserbh.com.br\/site\/wp-content\/uploads\/2013\/05\/TECIDO-2.jpg'><img loading=\"lazy\" decoding=\"async\" width=\"150\" height=\"150\" src=\"http:\/\/www.cortealaserbh.com.br\/site\/wp-content\/uploads\/2013\/05\/TECIDO-2-150x150.jpg\" class=\"attachment-thumbnail size-thumbnail\" alt=\"\" \/><\/a>\n\t\t\t<\/dt><\/dl><br style=\"clear: both\" \/><dl class='gallery-item'>\n\t\t\t<dt class='gallery-icon landscape'>\n\t\t\t\t<a href='http:\/\/www.cortealaserbh.com.br\/site\/wp-content\/uploads\/2013\/05\/PAPEL-5.jpg'><img loading=\"lazy\" decoding=\"async\" width=\"150\" height=\"150\" src=\"http:\/\/www.cortealaserbh.com.br\/site\/wp-content\/uploads\/2013\/05\/PAPEL-5-150x150.jpg\" class=\"attachment-thumbnail size-thumbnail\" alt=\"\" \/><\/a>\n\t\t\t<\/dt><\/dl>\n\t\t\t<br style='clear: both' \/>\n\t\t<\/div>\n\n","protected":false},"excerpt":{"rendered":"<p>O portif\u00f3lio da nossa empresa \u00e9 diversificado com pe\u00e7as em acr\u00edlico, cal\u00e7ados, madeira, papel e tecido.<\/p>\n","protected":false},"author":1,"featured_media":0,"parent":0,"menu_order":3,"comment_status":"open","ping_status":"open","template":"template-fullwidth.php","meta":{"footnotes":""},"class_list":["post-31","page","type-page","status-publish","hentry"],"_links":{"self":[{"href":"http:\/\/www.cortealaserbh.com.br\/index.php\/wp-json\/wp\/v2\/pages\/31","targetHints":{"allow":["GET"]}}],"collection":[{"href":"http:\/\/www.cortealaserbh.com.br\/index.php\/wp-json\/wp\/v2\/pages"}],"about":[{"href":"http:\/\/www.cortealaserbh.com.br\/index.php\/wp-json\/wp\/v2\/types\/page"}],"author":[{"embeddable":true,"href":"http:\/\/www.cortealaserbh.com.br\/index.php\/wp-json\/wp\/v2\/users\/1"}],"replies":[{"embeddable":true,"href":"http:\/\/www.cortealaserbh.com.br\/index.php\/wp-json\/wp\/v2\/comments?post=31"}],"version-history":[{"count":5,"href":"http:\/\/www.cortealaserbh.com.br\/index.php\/wp-json\/wp\/v2\/pages\/31\/revisions"}],"predecessor-version":[{"id":114,"href":"http:\/\/www.cortealaserbh.com.br\/index.php\/wp-json\/wp\/v2\/pages\/31\/revisions\/114"}],"wp:attachment":[{"href":"http:\/\/www.cortealaserbh.com.br\/index.php\/wp-json\/wp\/v2\/media?parent=31"}],"curies":[{"name":"wp","href":"https:\/\/api.w.org\/{rel}","templated":true}]}}

Portifólio

<p>O portifólio da nossa empresa é diversificado com peças em acrílico, calçados, madeira, papel e tecido.</p>

		<style type="text/css">
			#gallery-1 {
				margin: auto;
			}
			#gallery-1 .gallery-item {
				float: left;
				margin-top: 10px;
				text-align: center;
				width: 25%;
			}
			#gallery-1 img {
				border: 2px solid #cfcfcf;
			}
			#gallery-1 .gallery-caption {
				margin-left: 0;
			}
			/* see gallery_shortcode() in wp-includes/media.php */
		</style>
		<div id='gallery-1' class='gallery galleryid-31 gallery-columns-4 gallery-size-thumbnail'><dl class='gallery-item'>
			<dt class='gallery-icon portrait'>
				<a href='http://www.cortealaserbh.com.br/site/wp-content/uploads/2013/05/ACRiLICO.jpg'><img loading="lazy" decoding="async" width="150" height="150" src="http://www.cortealaserbh.com.br/site/wp-content/uploads/2013/05/ACRiLICO-150x150.jpg" class="attachment-thumbnail size-thumbnail" alt="" /></a>
			</dt></dl><dl class='gallery-item'>
			<dt class='gallery-icon landscape'>
				<a href='http://www.cortealaserbh.com.br/site/wp-content/uploads/2013/05/CALCADO-3.jpg'><img loading="lazy" decoding="async" width="150" height="150" src="http://www.cortealaserbh.com.br/site/wp-content/uploads/2013/05/CALCADO-3-150x150.jpg" class="attachment-thumbnail size-thumbnail" alt="" /></a>
			</dt></dl><dl class='gallery-item'>
			<dt class='gallery-icon landscape'>
				<a href='http://www.cortealaserbh.com.br/site/wp-content/uploads/2013/05/MADEIRA-1.jpg'><img loading="lazy" decoding="async" width="150" height="150" src="http://www.cortealaserbh.com.br/site/wp-content/uploads/2013/05/MADEIRA-1-150x150.jpg" class="attachment-thumbnail size-thumbnail" alt="" /></a>
			</dt></dl><dl class='gallery-item'>
			<dt class='gallery-icon landscape'>
				<a href='http://www.cortealaserbh.com.br/site/wp-content/uploads/2013/05/TECIDO-2.jpg'><img loading="lazy" decoding="async" width="150" height="150" src="http://www.cortealaserbh.com.br/site/wp-content/uploads/2013/05/TECIDO-2-150x150.jpg" class="attachment-thumbnail size-thumbnail" alt="" /></a>
			</dt></dl><br style="clear: both" /><dl class='gallery-item'>
			<dt class='gallery-icon landscape'>
				<a href='http://www.cortealaserbh.com.br/site/wp-content/uploads/2013/05/PAPEL-5.jpg'><img loading="lazy" decoding="async" width="150" height="150" src="http://www.cortealaserbh.com.br/site/wp-content/uploads/2013/05/PAPEL-5-150x150.jpg" class="attachment-thumbnail size-thumbnail" alt="" /></a>
			</dt></dl>
			<br style='clear: both' />
		</div>

<p>O portifólio da nossa empresa é diversificado com peças em acrílico, calçados, madeira, papel e tecido.</p>
